57 and 221.
13
Calculate the highest common factor of 255896381 and 78.
13
Calculate the highest common divisor of 236 and 58207276.
236
What is the greatest common divisor of 213694410 and 1590?
1590
Calculate the greatest common divisor of 19399665 and 1634.
817
Calculate the highest common divisor of 446 and 5663977.
223
Calculate the highest common divisor of 11568 and 1312.
16
What is the highest common factor of 64989 and 127732269?
7221
Calculate the greatest common divisor of 2032 and 397637.
127
What is the highest common factor of 45625 and 270100?
1825
What is the highest common factor of 9609528 and 117807?
1101
What is the highest common factor of 52939 and 21873?
317
What is the greatest common factor of 10 and 346603910?
10
Calculate the highest common factor of 181 and 5942411.
181
What is the highest common divisor of 239 and 2273129?
239
Calculate the highest common divisor of 9348252 and 84.
12
Calculate the highest common factor of 224827 and 65322.
19
Calculate the highest common divisor of 25600 and 5609600.
3200
What is the highest common factor of 10634526 and 1008?
126
Calculate the greatest common factor of 188 and 138441978.
94
Calculate the greatest common factor of 35 and 352766435.
35
What is the highest common factor of 1 and 8067883?
1
What is the greatest common factor of 20834 and 1088747?
11
Calculate the highest common factor of 21258 and 291463714.
2362
Calculate the highest common divisor of 3562900 and 192700.
4100
Calculate the highest common divisor of 18458 and 527582.
22
What is the greatest common divisor of 290831 and 564?
1
What is the greatest common factor of 223 and 13203607?
223
Calculate the greatest common factor of 213615 and 2622465.
4545
What is the highest common factor of 381348950 and 30?
10
Calculate the greatest common divisor of 14306225 and 571975.
3425
Calculate the greatest common factor of 7382790 and 72.
18
What is the highest common divisor of 104 and 1394451448?
104
What is the greatest common factor of 3893975 and 1450?
725
Calculate the highest common factor of 48897545 and 15.
5
What is the highest common divisor of 5226 and 113802?
78
Calculate the greatest common factor of 1778 and 24554362.
14
What is the highest common divisor of 27544779 and 243?
243
Calculate the highest common divisor of 56842 and 41606.
586
Calculate the greatest common factor of 343054 and 7998.
86
Calculate the highest common divisor of 246 and 2522527050.
246
Calculate the greatest common divisor of 2139 and 189354975.
2139
What is the highest common factor of 6325404 and 1520?
76
What is the greatest common factor of 17608 and 36490379?
2201
Calculate the greatest common divisor of 83406 and 90.
6
Calculate the greatest common divisor of 919320 and 477520.
1880
Calculate the greatest common factor of 483 and 6295583.
161
Calculate the greatest common divisor of 573 and 36129.
3
Calculate the highest common factor of 40 and 1453512.
8
What is the greatest common divisor of 992 and 11972696?
248
What is the highest common factor of 966 and 208404840?
966
Calculate the highest common factor of 1674 and 8623611.
837
Calculate the highest common divisor of 1183548 and 19332.
2148
Calculate the highest common factor of 26 and 1035632.
26
Calculate the highest common factor of 147 and 15508157.
49
Calculate the greatest common divisor of 58492343 and 7085.
1417
Calculate the highest common factor of 32806 and 55142.
698
Calculate the greatest common divisor of 560 and 638952440.
280
Calculate the greatest common factor of 121 and 91945293.
11
Calculate the greatest common divisor of 4920624 and 280.
8
What is the greatest common factor of 346029903 and 9?
9
What is the highest common factor of 30233720 and 440?
440
What is the highest common divisor of 490 and 809963?
7
Calculate the greatest common factor of 331835 and 32585.
665
What is the highest common divisor of 131243514 and 16131?
849
Calculate the greatest common factor of 13088 and 3663004.
1636
Calculate the greatest common factor of 8424840 and 20.
20
What is the greatest common divisor of 11284 and 13750464?
364
What is the highest common factor of 51359096 and 721?
103
Calculate the greatest common divisor of 167059695 and 7590.
3795
Calculate the greatest common factor of 238402203 and 663.
663
What is the greatest common factor of 4854715 and 10?
5
What is the highest common factor of 5250 and 3018050?
350
What is the greatest common factor of 23523 and 113082?
3
Calculate the greatest common factor of 44 and 27317840.
44
What is the highest common divisor of 30 and 4993845?
15
What is the greatest common divisor of 466720 and 8480?
160
What is the highest common factor of 12381 and 2361?
3
What is the greatest common factor of 6381828 and 17172?
324
What is the greatest common factor of 1176 and 3410088?
24
What is the greatest common divisor of 770688 and 3186?
54
Calculate the highest common factor of 198 and 17541942.
66
Calculate the highest common divisor of 531 and 50630850.
531
Calculate the highest common factor of 98787 and 13122759.
663
What is the greatest common divisor of 516578 and 3460?
346
What is the greatest common divisor of 4860 and 47063025?
1215
Calculate the greatest common factor of 94592327 and 5843.
5843
Calculate the greatest common divisor of 4680 and 56031768.
936
What is the highest common divisor of 1696 and 183104?
32
Calculate the highest common factor of 140375 and 113875.
125
What is the highest common divisor of 1573924 and 220?
44
Calculate the greatest common divisor of 36 and 16016886.
18
What is the highest common factor of 104152 and 251516?
1108
Calculate the greatest common divisor of 120 and 2602536.
24
Calculate the greatest common divisor of 10915 and 481.
37
What is the greatest common divisor of 382527 and 1976?
19
Calculate the greatest common factor of 201629672 and 152.
152
Calculate the greatest common divisor of 18953 and 142549.
11
What is the highest common factor of 81355 and 144955?
265
Calculate the highest common factor of 552 and 541060671.
69
Calculate the greatest common factor of 16714138 and 14.
14
What is the highest common divisor of 350322 and 415302?
114
Calculate the greatest common factor of 36604192 and 1988.
284
Calculate the highest common divisor of 1722 and 8566089.
861
What is the highest common divisor of 19396 and 197444?
52
Calculate the highest common divisor of 2515828 and 1064.
532
Calculate the highest common divisor of 93483 and 16025373.
1989
What is the greatest common divisor of 92 and 155104249?
23
Calculate the highest common factor of 44138042 and 37284.
6214
Calculate the highest common divisor of 1296 and 3846732.
12
Calculate the greatest common factor of 130 and 447206370.
130
Calculate the highest common factor of 15056204 and 35836.
124
What is the greatest common divisor of 2159492 and 9972?
1108
What is the greatest common divisor of 2002182 and 1638?
546
Calculate the highest common factor of 4452 and 43908486.
318
What is the highest common divisor of 33179424 and 4278?
186
Calculate the greatest common factor of 177 and 651491688.
177
Calculate the greatest common divisor of 10371144 and 84.
84
Calculate the highest common factor of 3 and 38877882.
3
Calculate the greatest common divisor of 16 and 1744225472.
16
Calculate the greatest common factor of 120 and 24395804.
4
What is the greatest common divisor of 1891497 and 9?
3
What is the highest common divisor of 42 and 41618199?
21
Calculate the greatest common factor of 201 and 32219898.
201
Calculate the highest common divisor of 32391 and 749970417.
10797
What is the highest common factor of 4434 and 37554?
6
What is the greatest common divisor of 6991560 and 3420?
180
Calculate the greatest common factor of 5199060 and 150.
30
What is the highest common divisor of 22591 and 236930?
551
What is the highest common factor of 3416355 and 8295?
1185
What is the highest common divisor of 25134 and 10209891?
177
Calculate the greatest common divisor of 3072922 and 10622.
226
Calculate the highest common factor of 57 and 683907.
3
Calculate the highest common divisor of 10146422 and 5577.
1859
Calculate the greatest common divisor of 4074887 and 506.
23
What is the highest common fact